2062b
In base 3, what is 11112202121 - 12?
11112202102
In base 9, what is -50457 - -1?
-50456
In base 12, what is -4 - 7197?
-719b
In base 6, what is 25345104 + 5?
25345113
In base 5, what is -4221013 + 2?
-4221011
In base 7, what is -61 - 45546?
-45640
In base 10, what is 3 + 283893?
283896
In base 4, what is -33031 + 3301?
-23130
In base 16, what is b3 - -35b?
40e
In base 5, what is 1112 + 320104?
321221
In base 11, what is 4073 - -42?
4105
In base 6, what is -100302 - -103?
-100155
In base 2, what is 10000110 - -1001100?
11010010
In base 13, what is 9c - 6453?
-6384
In base 6, what is -54 + 113422?
113324
In base 8, what is 412314 + 5?
412321
In base 5, what is 2334 + 13131?
21020
In base 13, what is 24709a5 + -5?
24709a0
In base 4, what is 100332 - 21030?
13302
In base 6, what is 5102 - -21?
5123
In base 16, what is -39 + 6?
-33
In base 13, what is -13 + -6326?
-6339
In base 12, what is 1158 + 46?
11a2
In base 13, what is -b08c1 + 2?
-b08bc
In base 4, what is 13100110 - -232?
13101002
In base 6, what is -15553 - 24?
-20021
In base 4, what is -120102111 + 222?
-120101223
In base 5, what is 4121 + -2344?
1222
In base 10, what is 5 - -431762?
431767
In base 2, what is 1110000 + -1000010000?
-110100000
In base 10, what is 4551 - -1176?
5727
In base 16, what is -d + -5e03?
-5e10
In base 13, what is 268b4 + -1?
268b3
In base 9, what is -5 + 3507?
3502
In base 16, what is -9c7 + 32?
-995
In base 3, what is -1112011210111 - -1?
-1112011210110
In base 5, what is 20 + 223201?
223221
In base 9, what is -78157 + -1?
-78158
In base 9, what is 5 + 4116?
4122
In base 2, what is 1010010010110 + -11111000?
1001110011110
In base 12, what is 13b314 - -5?
13b319
In base 6, what is 1 + -11551?
-11550
In base 8, what is 63 - -3345?
3430
In base 16, what is ef + -2?
ed
In base 4, what is 2111 + -201320?
-133203
In base 2, what is 1011010101010 - 1000?
1011010100010
In base 16, what is 5 - -1880?
1885
In base 15, what is -6 + -6ec?
-703
In base 3, what is -222112022120 - 11?
-222112022201
In base 2, what is 10000001 + 10000000111?
10010001000
In base 11, what is 225 + 41?
266
In base 2, what is 1100 - 11111011010000?
-11111011000100
In base 9, what is 151 - 476?
-325
In base 5, what is 4230 - 11?
4214
In base 6, what is 1203 + 211?
1414
In base 14, what is -274 - -b85?
911
In base 9, what is 7328 - 12?
7316
In base 14, what is -404 + -379?
-77d
In base 5, what is 24231 - 341?
23340
In base 5, what is -1 + 1303024?
1303023
In base 2, what is 11011101101111 + 111110?
11011110101101
In base 16, what is 682 + -c3e?
-5bc
In base 10, what is 47 + 37584?
37631
In base 3, what is 10200 - 202102110?
-202021210
In base 12, what is -14 - -649?
635
In base 16, what is 386 + -b?
37b
In base 16, what is 18dafd + -2?
18dafb
In base 15, what is -128e6 + -3?
-128e9
In base 3, what is -2001 + -200201020?
-200210021
In base 10, what is -1427 - -5?
-1422
In base 3, what is -2 + -1200?
-1202
In base 6, what is -1402432534 - -4?
-1402432530
In base 7, what is 3 + 14105?
14111
In base 11, what is -7 - 1990?
-1997
In base 13, what is 2 - 137ba?
-137b8
In base 4, what is 132030 + 1311?
200001
In base 8, what is -1731657 + 1?
-1731656
In base 7, what is -13 - -241544?
241531
In base 16, what is 2 - -6586?
6588
In base 13, what is 62b91 - -5?
62b96
In base 15, what is -3 + -1?
-4
In base 10, what is -4 - -27252?
27248
In base 12, what is -2a456 - 4?
-2a45a
In base 7, what is -2 - -110024?
110022
In base 12, what is -6 + 377?
371
In base 16, what is ab + -265?
-1ba
In base 12, what is 145 + -341?
-1b8
In base 10, what is -4408 + -4?
-4412
In base 8, what is 1 + 2657521?
2657522
In base 9, what is -2484 - -12?
-2472
In base 10, what is -4192 + -78?
-4270
In base 5, what is 3311 + -1232?
2024
In base 7, what is 2000 - -624?
2624
In base 5, what is 111 - 13300240?
-13300124
In base 6, what is 12 - -55?
111
In base 16, what is -1a + -62b5?
-62cf
In base 11, what is 47 - -3286a?
32906
In base 2, what is 100001111010 - -10011101?
100100010111
In base 8, what is 0 - -53635?
53635
In base 13, what is -5c - -b6?
57
In base 6, what is 35433 - 4?
35425
In base 4, what is 11232 - 2113?
3113
In base 11, what is -46 - 1595?
-1630
In base 7, what is 212436 - -12?
212451
In base 7, what is 10 + 1535?
1545
In base 13, what is 18 + -530c6?
-530ab
In base 6, what is -24023 + 11?
-24012
In base 5, what is -244313103 + 3?
-244313100
In base 4, what is 2231 + 10013?
12310
In base 9, what is -12373 - -472?
-11801
In base 14, what is -4 - 5a63?
-5a67
In base 14, what is 3dd6 - 3?
3dd3
In base 2, what is -111100 - 101001111011?
-101010110111
In base 3, what is -12021100 - 111021?
-12202121
In base 10, what is 807 + -206?
601
In base 12, what is 19 + 23723?
23740
In base 15, what is -14de - 2?
-14e1
In base 4, what is 23232102 + 10?
23232112
In base 5, what is 22 + -3214343?
-3214321
In base 2, what is -101010 - 1100011011101?
-1100100000111
In base 10, what is 13988 + 4?
13992
In base 10, what is 3 + 343748?
343751
In base 9, what is -108 + 1002?
783
In base 12, what is -10 + 164267?
164257
In base 11, what is -13643 - 9?
-13651
In base 2, what is -10110111100001 - 110?
-10110111100111
In base 6, what is -15020 - -30?
-14550
In base 2, what is -10000 - -11000100?
10110100
In base 7, what is 2 + 31620?
31622
In base 12, what is -1930a - -17?
-192b3
In base 4, what is 13320003 - -30?
13320033
In base 11, what is -2 + -8780?
-8782
In base 3, what is 200 + 211200000?
211200200
In base 5, what is 2403111 + -312?
2402244
In base 10, what is 52 - -86769?
86821
In base 7, what is -2 - -1046514?
1046512
In base 14, what is 5775 + 2?
5777
In base 2, what is 1 - 101011101000110?
-101011101000101
In base 2, what is -10010110000111010 - 11?
-10010110000111101
In base 15, what is -2 + -175d?
-1760
In base 3, what is 122011002 + 0?
122011002
In base 16, what is -73 + d9b?
d28
In base 3, what is 10201 - 211112012?
-211101111
In base 10, what is -15209 - -4?
-15205
In base 11, what is -3 - 39065?
-39068
In base 6, what is 5 + -305230?
-305221
In base 6, what is 1432240 + 4?
1432244
In base 5, what is 11331 + -103?
11223
In base 10, what is 557 - -99?
656
In base 8, what is 1 - -747?
750
In base 8, what is 14460 + -25?
14433
In base 5, what is 14 - -24321?
24340
In base 12, what is -83a - -22a?
-610
In base 2, what is 1010 + -100001111000101011?
-100001111000100001
In base 16, what is -2099d5 + 4?
-2099d1
In base 9, what is 4 - -2770466?
2770471
In base 16, what is 8 - -3ab0?
3ab8
In base 7, what is 5 + -2235460?
-2235452
In base 3, what is -10000 - 111122?
-121122
In base 3, what is 211122220 - -112?
211200102
In base 11, what is -1607 + 1a?
-1598
In base 16, what is -13e + 2f19?
2ddb
In base 6, what is -3033 - -10?
-3023
In base 6, what is 5 + -2234110?
-2234101
In base 10, what is 9 - -5926?
5935
In base 16, what is -b0c0 + 3?
-b0bd
In base 11, what is -5 - 332092?
-332097
In base 5, what is -4213 - -1133?
-3030
In base 8, what is -55642 - -5?
-55635
In base 8, what is -563263 + -1?
-563264
In base 6, what is -50000 + 1?
-45555
In base 8, what is 410 + 3537?
4147
In base 16, what is c484c + 3?
c484f
In base 12, what is 67881 - -4?
67885
In base 12, what is -1 - -33589?
33588
In base 15, what is 89 + -87?
2
In base 8, what is 23227 + -11?
23216
In base 16, what is -8 - -17934?
1792c
In base 10, what is 238 + 1421?
1659
In base 6, what is -40453 + -2?
-40455
In base 2, what is -10001011000101 - -1?
-10001011000100
In base 13, what is c + -cc14?
-cc05
In base 11, what is 9aa6 - 78?
9a29
In base 12, what is -408b - 14?
-40a3
In base 7, what is -63404 - -325?
-63046
In base 3, what is 1100 - -111221202?
112000002
In base 12, what is -4639b + 4?
-46397
In base 13, what is -3 + -3409?
-340c
In base 16, what is 13bfb + -4?
13bf7
In base 5, what is 2 + 114244?
114301
In base 10, what is -1 + 63720?
63719
In base 5, what is -3101 - 142?
-3243
In base 6, what is -4 + 220?
212
In base 6, what is -2131312 - 3?
-2131315
In base 15, what is 6 - -b6d?
b74
In base 5, what is -243223 - -10?
-243213
In base 15, what is 5 - -5d871?
5d876
In base 14, what is -7 - 8424?
-842b
In base 7, what is 21066 - -66?
21165
In base 16, what is 2d8 - -23?
2fb
In base 8, what is 2 + 7700?
7702
In base 5, what is -201104 - 12?
-201121
In base 10, what is -55 -